{"id":582,"date":"2021-12-13T05:24:19","date_gmt":"2021-12-13T05:24:19","guid":{"rendered":"https:\/\/blockart-agency.sites.qsandbox.com\/?page_id=582"},"modified":"2024-02-08T20:26:39","modified_gmt":"2024-02-08T20:26:39","slug":"contact-2","status":"publish","type":"page","link":"https:\/\/kitscomunicacion.com\/index.php\/contact-2\/","title":{"rendered":"Contacto"},"content":{"rendered":"\n<div class=\"blockart-section blockart-section-73441fc0\"><div class=\"blockart-container\"><div class=\"blockart-section-inner\">\n<div class=\"blockart-column blockart-column-19d4e79a\"><div class=\"blockart-column-inner\">\n<h2 class=\"blockart-heading blockart-heading-ed8ed03b\">Horario<\/h2>\n\n\n\n<p>Solo de ma\u00f1anas<\/p>\n<\/div><\/div>\n\n\n\n<div class=\"blockart-column blockart-column-67d4f14c\"><div class=\"blockart-column-inner\">\n<h2 class=\"blockart-heading blockart-heading-4a35044c\">Email<\/h2>\n\n\n\n<p class=\"blockart-paragraph blockart-paragraph-d266bdad\">cunatjose@gmail.xom<\/p>\n\n\n<\/div><\/div>\n\n\n\n<div class=\"blockart-column blockart-column-7f33a661\"><div class=\"blockart-column-inner\">\n<h2 class=\"blockart-heading blockart-heading-79dd122c\">Whastapp<\/h2>\n\n\n\n<p class=\"blockart-paragraph blockart-paragraph-9badcfde\"> +(34) 662-13-49-89<\/p>\n\n\n\n<p class=\"blockart-paragraph blockart-paragraph-e9af344f\"> <\/p>\n<\/div><\/div>\n\n\n\n<div class=\"blockart-column blockart-column-31c109f0\"><div class=\"blockart-column-inner\">\n<h2 class=\"blockart-heading blockart-heading-851087b5\">Horario<\/h2>\n\n\n\n<p class=\"blockart-paragraph blockart-paragraph-42904d24\">Mon &#8211; Sat : 9AM &#8211; 14 PM <\/p>\n\n\n\n<p class=\"blockart-paragraph blockart-paragraph-33984ffa\">Sunday : Cerrado<\/p>\n<\/div><\/div>\n<\/div><\/div><\/div>\n\n\n\n<div class=\"blockart-section blockart-section-6d9887c3\"><div class=\"blockart-container-fluid\"><div class=\"blockart-section-inner\">\n<div class=\"blockart-column blockart-column-946d1c71\"><div class=\"blockart-column-inner\">\n<figure class=\"blockart-image blockart-image-cb9e1b82\"><img loading=\"lazy\" decoding=\"async\" class=\"wp-image-1073 hover-effect-static filter-none mask mask-none\" src=\"https:\/\/kitscomunicacion.com\/wp-content\/uploads\/2021\/12\/contact-cta.png\" alt=\"\" height=\"151\" width=\"800\" srcset=\"https:\/\/kitscomunicacion.com\/wp-content\/uploads\/2021\/12\/contact-cta.png 800w, https:\/\/kitscomunicacion.com\/wp-content\/uploads\/2021\/12\/contact-cta-600x113.png 600w, https:\/\/kitscomunicacion.com\/wp-content\/uploads\/2021\/12\/contact-cta-300x57.png 300w, https:\/\/kitscomunicacion.com\/wp-content\/uploads\/2021\/12\/contact-cta-768x145.png 768w\" sizes=\"auto, (max-width: 800px) 100vw, 800px\" \/><\/figure>\n<\/div><\/div>\n<\/div><\/div><\/div>\n\n\n\n<div class=\"blockart-section blockart-section-a8c7c151\"><div class=\"blockart-container\"><div class=\"blockart-section-inner\">\n<div class=\"blockart-column blockart-column-dab34859\"><div class=\"blockart-column-inner\"><\/div><\/div>\n\n\n\n<div class=\"blockart-column blockart-column-4d4d4da2\"><div class=\"blockart-column-inner\">\n<h2 class=\"blockart-heading blockart-heading-4d52da07\"> Cont\u00e1ctanos <\/h2>\n\n\n\n<h3 class=\"wp-block-heading\"><\/h3>\n\n\n\n<p><strong>En Kitscomunicacion, estamos aqu\u00ed para ayudarte. Si tienes preguntas, necesitas m\u00e1s informaci\u00f3n o deseas hablar con un miembro de nuestro equipo, no dudes en ponerte en contacto con nosotros. \u00a1Tu \u00e9xito es nuestra prioridad!<\/strong><\/p>\n\n\n\n<h4 class=\"wp-block-heading\">Env\u00edanos un Mensaje<\/h4>\n\n\n\n<p> Nos esforzamos por responder a todas las consultas en menos de 24 horas.<\/p>\n\n\n\n<ul class=\"wp-block-list\">\n<li><strong>Nombre:<\/strong><\/li>\n\n\n\n<li><strong>Correo Electr\u00f3nico:<\/strong><\/li>\n\n\n\n<li><strong>Asunto:<\/strong><\/li>\n\n\n\n<li><strong>Mensaje:<\/strong><\/li>\n<\/ul>\n\n\n\n<p><\/p>\n\n\n\n<h4 class=\"wp-block-heading\">Ll\u00e1manos<\/h4>\n\n\n\n<p>Prefieres hablar directamente? Nuestro equipo est\u00e1 disponible de lunes a viernes, de 9:00 a 14:00, para responder a tus whastapp.<\/p>\n\n\n\n<h4 class=\"wp-block-heading\">S\u00edguenos<\/h4>\n\n\n\n<p>Mantente al d\u00eda con las \u00faltimas noticias y actualizaciones sigui\u00e9ndonos en nuestras redes sociales:<\/p>\n\n\n\n<div class=\"blockart-buttons blockart-buttons-49e2ce5b is-wrap\">\n<div class=\"blockart-button blockart-button-b387f7b1 \"><a class=\"blockart-button-link is-custom is-style-filled\">whastapp<\/a><\/div>\n<\/div>\n<\/div><\/div>\n\n\n\n<div class=\"blockart-column blockart-column-119d63ce\"><div class=\"blockart-column-inner\"><\/div><\/div>\n<\/div><\/div><\/div>\n\n\n\n<div class=\"blockart-section blockart-section-979ffdef\"><div class=\"blockart-container-fluid\"><div class=\"blockart-section-inner\">\n<div class=\"blockart-column blockart-column-9d2964c2\"><div class=\"blockart-column-inner\"><\/div><\/div>\n<\/div><\/div><\/div>\n\n\n\n<div class=\"blockart-section blockart-section-d8bb7b25\"><div class=\"blockart-container\"><div class=\"blockart-section-inner\">\n<div class=\"blockart-column blockart-column-e70448c7\"><div class=\"blockart-column-inner\"><\/div><\/div>\n\n\n\n<div class=\"blockart-column blockart-column-716dcbed\"><div class=\"blockart-column-inner\">\n<figure class=\"blockart-image blockart-image-41c122c1\"><a href=\"https:\/\/www.facebook.com\/zakratheme\"><img loading=\"lazy\" decoding=\"async\" class=\"wp-image-516 hover-effect-static filter-none mask mask-none\" src=\"https:\/\/kitscomunicacion.com\/wp-content\/uploads\/2021\/12\/fav_icon1.png\" alt=\"\" height=\"40\" width=\"33\"\/><\/a><\/figure>\n<\/div><\/div>\n\n\n\n<div class=\"blockart-column blockart-column-b0322e25\"><div class=\"blockart-column-inner\">\n<figure class=\"blockart-image blockart-image-9ad0c8b0\"><a href=\"https:\/\/twitter.com\/zakratheme\/\"><img loading=\"lazy\" decoding=\"async\" class=\"wp-image-525 hover-effect-static filter-none mask mask-none\" src=\"https:\/\/kitscomunicacion.com\/wp-content\/uploads\/2021\/12\/icon2.png\" alt=\"\" height=\"34\" width=\"33\"\/><\/a><\/figure>\n<\/div><\/div>\n\n\n\n<div class=\"blockart-column blockart-column-7fe6faa4\"><div class=\"blockart-column-inner\">\n<figure class=\"blockart-image blockart-image-e8b7db51\"><a href=\"https:\/\/www.pinterest.co.uk\/themegrill\"><img loading=\"lazy\" decoding=\"async\" class=\"wp-image-556 hover-effect-static filter-none mask mask-none\" src=\"https:\/\/kitscomunicacion.com\/wp-content\/uploads\/2021\/12\/fav_icon5.png\" alt=\"\" height=\"33\" width=\"33\"\/><\/a><\/figure>\n<\/div><\/div>\n\n\n\n<div class=\"blockart-column blockart-column-3ce79db4\"><div class=\"blockart-column-inner\">\n<figure class=\"blockart-image blockart-image-8b2e1c55\"><a href=\"https:\/\/www.youtube.com\/channel\/UCxxUb-k2cT43fNXY-V39LXw\"><img loading=\"lazy\" decoding=\"async\" class=\"wp-image-558 hover-effect-static filter-none mask mask-none\" src=\"https:\/\/kitscomunicacion.com\/wp-content\/uploads\/2021\/12\/icon4.png\" alt=\"\" height=\"33\" width=\"36\"\/><\/a><\/figure>\n<\/div><\/div>\n\n\n\n<div class=\"blockart-column blockart-column-b947f356\"><div class=\"blockart-column-inner\">\n<figure class=\"blockart-image blockart-image-ef4893ac\"><a href=\"https:\/\/www.linkedin.com\/company\/themegrill-pvt.-ltd.\/\"><img loading=\"lazy\" decoding=\"async\" class=\"wp-image-559 hover-effect-static filter-none mask mask-none\" src=\"https:\/\/kitscomunicacion.com\/wp-content\/uploads\/2021\/12\/icon5.png\" alt=\"\" height=\"36\" width=\"35\"\/><\/a><\/figure>\n<\/div><\/div>\n\n\n\n<div class=\"blockart-column blockart-column-ce805f44\"><div class=\"blockart-column-inner\"><\/div><\/div>\n<\/div><\/div><\/div>\n","protected":false},"excerpt":{"rendered":"","protected":false},"author":1,"featured_media":0,"parent":0,"menu_order":0,"comment_status":"closed","ping_status":"closed","template":"page-templates\/pagebuilder.php","meta":{"zakra_page_container_layout":"stretched","zakra_page_sidebar_layout":"no_sidebar","zakra_remove_content_margin":true,"zakra_sidebar":"customizer","zakra_transparent_header":"customizer","zakra_logo":0,"zakra_main_header_style":"default","zakra_menu_item_color":"","zakra_menu_item_hover_color":"#000000","zakra_menu_item_active_color":"#23ab70","zakra_menu_active_style":"","zakra_page_header":true,"footnotes":""},"class_list":["post-582","page","type-page","status-publish","hentry"],"yoast_head":"<!-- This site is optimized with the Yoast SEO plugin v27.5 - https:\/\/yoast.com\/product\/yoast-seo-wordpress\/ -->\n<title>Contacto - Kits cominicaci\u00f3n<\/title>\n<meta name=\"robots\" content=\"index, follow, max-snippet:-1, max-image-preview:large, max-video-preview:-1\" \/>\n<link rel=\"canonical\" href=\"https:\/\/kitscomunicacion.com\/index.php\/contact-2\/\" \/>\n<meta property=\"og:locale\" content=\"es_ES\" \/>\n<meta property=\"og:type\" content=\"article\" \/>\n<meta property=\"og:title\" content=\"Contacto - Kits cominicaci\u00f3n\" \/>\n<meta property=\"og:url\" content=\"https:\/\/kitscomunicacion.com\/index.php\/contact-2\/\" \/>\n<meta property=\"og:site_name\" content=\"Kits cominicaci\u00f3n\" \/>\n<meta property=\"article:publisher\" content=\"https:\/\/www.facebook.com\/kitscomunicacion\" \/>\n<meta property=\"article:modified_time\" content=\"2024-02-08T20:26:39+00:00\" \/>\n<meta property=\"og:image\" content=\"https:\/\/kitscomunicacion.com\/wp-content\/uploads\/2021\/12\/contact-cta.png\" \/>\n<meta name=\"twitter:card\" content=\"summary_large_image\" \/>\n<meta name=\"twitter:label1\" content=\"Tiempo de lectura\" \/>\n\t<meta name=\"twitter:data1\" content=\"1 minuto\" \/>\n<script type=\"application\/ld+json\" class=\"yoast-schema-graph\">{\"@context\":\"https:\\\/\\\/schema.org\",\"@graph\":[{\"@type\":\"WebPage\",\"@id\":\"https:\\\/\\\/kitscomunicacion.com\\\/index.php\\\/contact-2\\\/\",\"url\":\"https:\\\/\\\/kitscomunicacion.com\\\/index.php\\\/contact-2\\\/\",\"name\":\"Contacto - Kits cominicaci\u00f3n\",\"isPartOf\":{\"@id\":\"https:\\\/\\\/kitscomunicacion.com\\\/#website\"},\"primaryImageOfPage\":{\"@id\":\"https:\\\/\\\/kitscomunicacion.com\\\/index.php\\\/contact-2\\\/#primaryimage\"},\"image\":{\"@id\":\"https:\\\/\\\/kitscomunicacion.com\\\/index.php\\\/contact-2\\\/#primaryimage\"},\"thumbnailUrl\":\"https:\\\/\\\/kitscomunicacion.com\\\/wp-content\\\/uploads\\\/2021\\\/12\\\/contact-cta.png\",\"datePublished\":\"2021-12-13T05:24:19+00:00\",\"dateModified\":\"2024-02-08T20:26:39+00:00\",\"breadcrumb\":{\"@id\":\"https:\\\/\\\/kitscomunicacion.com\\\/index.php\\\/contact-2\\\/#breadcrumb\"},\"inLanguage\":\"es\",\"potentialAction\":[{\"@type\":\"ReadAction\",\"target\":[\"https:\\\/\\\/kitscomunicacion.com\\\/index.php\\\/contact-2\\\/\"]}]},{\"@type\":\"ImageObject\",\"inLanguage\":\"es\",\"@id\":\"https:\\\/\\\/kitscomunicacion.com\\\/index.php\\\/contact-2\\\/#primaryimage\",\"url\":\"https:\\\/\\\/kitscomunicacion.com\\\/wp-content\\\/uploads\\\/2021\\\/12\\\/contact-cta.png\",\"contentUrl\":\"https:\\\/\\\/kitscomunicacion.com\\\/wp-content\\\/uploads\\\/2021\\\/12\\\/contact-cta.png\",\"width\":800,\"height\":151},{\"@type\":\"BreadcrumbList\",\"@id\":\"https:\\\/\\\/kitscomunicacion.com\\\/index.php\\\/contact-2\\\/#breadcrumb\",\"itemListElement\":[{\"@type\":\"ListItem\",\"position\":1,\"name\":\"Home\",\"item\":\"https:\\\/\\\/kitscomunicacion.com\\\/\"},{\"@type\":\"ListItem\",\"position\":2,\"name\":\"Contacto\"}]},{\"@type\":\"WebSite\",\"@id\":\"https:\\\/\\\/kitscomunicacion.com\\\/#website\",\"url\":\"https:\\\/\\\/kitscomunicacion.com\\\/\",\"name\":\"Kits cominicaci\u00f3n\",\"description\":\"Marketing digital en Valencia\",\"publisher\":{\"@id\":\"https:\\\/\\\/kitscomunicacion.com\\\/#organization\"},\"alternateName\":\"Marketing digital en Valencia\",\"potentialAction\":[{\"@type\":\"SearchAction\",\"target\":{\"@type\":\"EntryPoint\",\"urlTemplate\":\"https:\\\/\\\/kitscomunicacion.com\\\/?s={search_term_string}\"},\"query-input\":{\"@type\":\"PropertyValueSpecification\",\"valueRequired\":true,\"valueName\":\"search_term_string\"}}],\"inLanguage\":\"es\"},{\"@type\":\"Organization\",\"@id\":\"https:\\\/\\\/kitscomunicacion.com\\\/#organization\",\"name\":\"Kits cominicaci\u00f3n\",\"url\":\"https:\\\/\\\/kitscomunicacion.com\\\/\",\"logo\":{\"@type\":\"ImageObject\",\"inLanguage\":\"es\",\"@id\":\"https:\\\/\\\/kitscomunicacion.com\\\/#\\\/schema\\\/logo\\\/image\\\/\",\"url\":\"https:\\\/\\\/kitscomunicacion.com\\\/wp-content\\\/uploads\\\/2024\\\/03\\\/cropped-Black-White-Minimalist-Letter-MG-Logo.png\",\"contentUrl\":\"https:\\\/\\\/kitscomunicacion.com\\\/wp-content\\\/uploads\\\/2024\\\/03\\\/cropped-Black-White-Minimalist-Letter-MG-Logo.png\",\"width\":407,\"height\":254,\"caption\":\"Kits cominicaci\u00f3n\"},\"image\":{\"@id\":\"https:\\\/\\\/kitscomunicacion.com\\\/#\\\/schema\\\/logo\\\/image\\\/\"},\"sameAs\":[\"https:\\\/\\\/www.facebook.com\\\/kitscomunicacion\"]}]}<\/script>\n<!-- \/ Yoast SEO plugin. -->","yoast_head_json":{"title":"Contacto - Kits cominicaci\u00f3n","robots":{"index":"index","follow":"follow","max-snippet":"max-snippet:-1","max-image-preview":"max-image-preview:large","max-video-preview":"max-video-preview:-1"},"canonical":"https:\/\/kitscomunicacion.com\/index.php\/contact-2\/","og_locale":"es_ES","og_type":"article","og_title":"Contacto - Kits cominicaci\u00f3n","og_url":"https:\/\/kitscomunicacion.com\/index.php\/contact-2\/","og_site_name":"Kits cominicaci\u00f3n","article_publisher":"https:\/\/www.facebook.com\/kitscomunicacion","article_modified_time":"2024-02-08T20:26:39+00:00","og_image":[{"url":"https:\/\/kitscomunicacion.com\/wp-content\/uploads\/2021\/12\/contact-cta.png","type":"","width":"","height":""}],"twitter_card":"summary_large_image","twitter_misc":{"Tiempo de lectura":"1 minuto"},"schema":{"@context":"https:\/\/schema.org","@graph":[{"@type":"WebPage","@id":"https:\/\/kitscomunicacion.com\/index.php\/contact-2\/","url":"https:\/\/kitscomunicacion.com\/index.php\/contact-2\/","name":"Contacto - Kits cominicaci\u00f3n","isPartOf":{"@id":"https:\/\/kitscomunicacion.com\/#website"},"primaryImageOfPage":{"@id":"https:\/\/kitscomunicacion.com\/index.php\/contact-2\/#primaryimage"},"image":{"@id":"https:\/\/kitscomunicacion.com\/index.php\/contact-2\/#primaryimage"},"thumbnailUrl":"https:\/\/kitscomunicacion.com\/wp-content\/uploads\/2021\/12\/contact-cta.png","datePublished":"2021-12-13T05:24:19+00:00","dateModified":"2024-02-08T20:26:39+00:00","breadcrumb":{"@id":"https:\/\/kitscomunicacion.com\/index.php\/contact-2\/#breadcrumb"},"inLanguage":"es","potentialAction":[{"@type":"ReadAction","target":["https:\/\/kitscomunicacion.com\/index.php\/contact-2\/"]}]},{"@type":"ImageObject","inLanguage":"es","@id":"https:\/\/kitscomunicacion.com\/index.php\/contact-2\/#primaryimage","url":"https:\/\/kitscomunicacion.com\/wp-content\/uploads\/2021\/12\/contact-cta.png","contentUrl":"https:\/\/kitscomunicacion.com\/wp-content\/uploads\/2021\/12\/contact-cta.png","width":800,"height":151},{"@type":"BreadcrumbList","@id":"https:\/\/kitscomunicacion.com\/index.php\/contact-2\/#breadcrumb","itemListElement":[{"@type":"ListItem","position":1,"name":"Home","item":"https:\/\/kitscomunicacion.com\/"},{"@type":"ListItem","position":2,"name":"Contacto"}]},{"@type":"WebSite","@id":"https:\/\/kitscomunicacion.com\/#website","url":"https:\/\/kitscomunicacion.com\/","name":"Kits cominicaci\u00f3n","description":"Marketing digital en Valencia","publisher":{"@id":"https:\/\/kitscomunicacion.com\/#organization"},"alternateName":"Marketing digital en Valencia","potentialAction":[{"@type":"SearchAction","target":{"@type":"EntryPoint","urlTemplate":"https:\/\/kitscomunicacion.com\/?s={search_term_string}"},"query-input":{"@type":"PropertyValueSpecification","valueRequired":true,"valueName":"search_term_string"}}],"inLanguage":"es"},{"@type":"Organization","@id":"https:\/\/kitscomunicacion.com\/#organization","name":"Kits cominicaci\u00f3n","url":"https:\/\/kitscomunicacion.com\/","logo":{"@type":"ImageObject","inLanguage":"es","@id":"https:\/\/kitscomunicacion.com\/#\/schema\/logo\/image\/","url":"https:\/\/kitscomunicacion.com\/wp-content\/uploads\/2024\/03\/cropped-Black-White-Minimalist-Letter-MG-Logo.png","contentUrl":"https:\/\/kitscomunicacion.com\/wp-content\/uploads\/2024\/03\/cropped-Black-White-Minimalist-Letter-MG-Logo.png","width":407,"height":254,"caption":"Kits cominicaci\u00f3n"},"image":{"@id":"https:\/\/kitscomunicacion.com\/#\/schema\/logo\/image\/"},"sameAs":["https:\/\/www.facebook.com\/kitscomunicacion"]}]}},"_links":{"self":[{"href":"https:\/\/kitscomunicacion.com\/index.php\/wp-json\/wp\/v2\/pages\/582","targetHints":{"allow":["GET"]}}],"collection":[{"href":"https:\/\/kitscomunicacion.com\/index.php\/wp-json\/wp\/v2\/pages"}],"about":[{"href":"https:\/\/kitscomunicacion.com\/index.php\/wp-json\/wp\/v2\/types\/page"}],"author":[{"embeddable":true,"href":"https:\/\/kitscomunicacion.com\/index.php\/wp-json\/wp\/v2\/users\/1"}],"replies":[{"embeddable":true,"href":"https:\/\/kitscomunicacion.com\/index.php\/wp-json\/wp\/v2\/comments?post=582"}],"version-history":[{"count":2,"href":"https:\/\/kitscomunicacion.com\/index.php\/wp-json\/wp\/v2\/pages\/582\/revisions"}],"predecessor-version":[{"id":1141,"href":"https:\/\/kitscomunicacion.com\/index.php\/wp-json\/wp\/v2\/pages\/582\/revisions\/1141"}],"wp:attachment":[{"href":"https:\/\/kitscomunicacion.com\/index.php\/wp-json\/wp\/v2\/media?parent=582"}],"curies":[{"name":"wp","href":"https:\/\/api.w.org\/{rel}","templated":true}]}}